{"id":2006,"date":"2021-05-07T13:34:14","date_gmt":"2021-05-07T13:34:14","guid":{"rendered":"https:\/\/www.guides-belleville.com\/ete\/?page_id=2006"},"modified":"2025-08-28T15:06:40","modified_gmt":"2025-08-28T15:06:40","slug":"conditions-de-vente","status":"publish","type":"page","link":"https:\/\/www.guides-belleville.com\/ete\/bureau-guides-belleville-st_martin-menuires-val_thorens\/informations-reglementaires\/conditions-de-vente\/","title":{"rendered":"Conditions de Vente"},"content":{"rendered":"\n<p>L\u2019assurance n\u2019est pas comprise dans le prix des activit\u00e9s.<\/p>\n\n\n\n<p>Pour les randonn\u00e9es, les enfants doivent \u00eatre accompagn\u00e9s par leurs parents.<\/p>\n\n\n\n<p>Tout handicap ou probl\u00e8me de sant\u00e9 doit \u00eatre signal\u00e9 au moment de l\u2019inscription. Dans le cas contraire, l\u2019acc\u00e8s \u00e0 l\u2019activit\u00e9 pourra \u00eatre refus\u00e9 sans remboursement.<\/p>\n\n\n\n<p>L\u2019\u00e2ge minimum indiqu\u00e9 pour chaque sortie doit \u00eatre respect\u00e9.<\/p>\n\n\n\n<p>Sauf indication contraire, les porte-b\u00e9b\u00e9s ne sont pas accept\u00e9s.<\/p>\n\n\n\n<p>Pour toutes les sorties \u00e0 la journ\u00e9e, les chaussures de randonn\u00e9e sont obligatoires.<\/p>\n\n\n\n<p>En v\u00e9lo, tous les v\u00eatements et \u00e9l\u00e9ments pendants susceptibles de se coincer dans le v\u00e9lo sont interdits. Les jupes sont interdites.<\/p>\n\n\n\n<p>Les chiens ne sont pas admis.<\/p>\n\n\n\n<p>Aucun remboursement ne sera effectu\u00e9 si l\u2019\u00e9quipement n\u2019est pas conforme \u00e0 l\u2019activit\u00e9.<\/p>\n\n\n\n<p>En cas de maladie ou d\u2019accident survenant avant le d\u00e9but de l\u2019activit\u00e9 un remboursement pourra \u00eatre effectu\u00e9 sur pr\u00e9sentation d\u2019un certificat m\u00e9dical justifiant de l\u2019incapacit\u00e9 de participer le jour de l\u2019activit\u00e9.<\/p>\n\n\n\n<p>Le bureau des guides se r\u00e9serve le droit d\u2019annuler ou modifier les activit\u00e9s. Dans ce cas un remboursement, un report ou un avoir sera propos\u00e9.<\/p>\n\n\n\n<p>Pour tout remboursement d\u2019un paiement en Ch\u00e8ques Vacances ou Ch\u00e8ques Vacances Connect 2,5% du montant seront conserv\u00e9s.<\/p>\n\n\n\n<p>Si le comportement d&rsquo;un participant perturbe le bon d\u00e9roulement de l&rsquo;activit\u00e9, le bureau des guides se r\u00e9serve le droit d&rsquo;exclusion sans qu&rsquo;un remboursement puisse \u00eatre demand\u00e9.<\/p>\n\n\n\n<p>En cas d\u2019annulation \u00e0 l\u2019initiative du client, aucun remboursement ne sera fait. Seul un report sur une autre activit\u00e9 ou un avoir sera possible si l\u2019annulation a lieu plus d\u2019une semaine avant le d\u00e9but de l\u2019activit\u00e9.<\/p>\n\n\n\n<p>Pour certaines activit\u00e9s un nombre minimum de participants sera n\u00e9cessaire, un report pourra alors \u00eatre propos\u00e9 sur une autre activit\u00e9 (au m\u00eame tarif) ou un remboursement.<\/p>\n\n\n\n<p>En cas de retard du participant ou du report de l\u2019activit\u00e9 seul le guide qui encadre la sortie d\u00e9cidera de proc\u00e9der ou non au remboursement.<\/p>\n\n\n\n<p>En cas de m\u00e9t\u00e9o incertaine, seul le guide qui encadre la sortie d\u00e9cidera du report, du maintien ou du remboursement de l\u2019activit\u00e9. L\u2019absence du client au RDV sera consid\u00e9r\u00e9 comme une annulation \u00e0 l\u2019initiative du client.<\/p>\n\n\n\n<p>Le bureau des guides ne fournit pas de transport collectif, un covoiturage est possible entre les participants, il est d\u2019usage et de coutumes de proposer un d\u00e9dommagement au conducteur.<\/p>\n","protected":false},"excerpt":{"rendered":"<p>L\u2019assurance n\u2019est pas comprise dans le prix des activit\u00e9s. Pour les randonn\u00e9es, les enfants doivent \u00eatre accompagn\u00e9s par leurs parents. Tout handicap ou probl\u00e8me de sant\u00e9 doit \u00eatre signal\u00e9 au moment de l\u2019inscription. Dans le cas contraire, l\u2019acc\u00e8s \u00e0 l\u2019activit\u00e9 pourra \u00eatre refus\u00e9 sans remboursement. L\u2019\u00e2ge minimum indiqu\u00e9 pour chaque sortie doit \u00eatre respect\u00e9. Sauf&hellip; <a class=\"more-link\" href=\"https:\/\/www.guides-belleville.com\/ete\/bureau-guides-belleville-st_martin-menuires-val_thorens\/informations-reglementaires\/conditions-de-vente\/\">Poursuivre la lecture <span class=\"screen-reader-text\">Conditions de Vente<\/span><\/a><\/p>\n","protected":false},"author":1,"featured_media":0,"parent":2008,"menu_order":0,"comment_status":"closed","ping_status":"closed","template":"","meta":{"footnotes":""},"class_list":["post-2006","page","type-page","status-publish","hentry","entry"],"jetpack_sharing_enabled":true,"_links":{"self":[{"href":"https:\/\/www.guides-belleville.com\/ete\/wp-json\/wp\/v2\/pages\/2006","targetHints":{"allow":["GET"]}}],"collection":[{"href":"https:\/\/www.guides-belleville.com\/ete\/wp-json\/wp\/v2\/pages"}],"about":[{"href":"https:\/\/www.guides-belleville.com\/ete\/wp-json\/wp\/v2\/types\/page"}],"author":[{"embeddable":true,"href":"https:\/\/www.guides-belleville.com\/ete\/wp-json\/wp\/v2\/users\/1"}],"replies":[{"embeddable":true,"href":"https:\/\/www.guides-belleville.com\/ete\/wp-json\/wp\/v2\/comments?post=2006"}],"version-history":[{"count":13,"href":"https:\/\/www.guides-belleville.com\/ete\/wp-json\/wp\/v2\/pages\/2006\/revisions"}],"predecessor-version":[{"id":24178,"href":"https:\/\/www.guides-belleville.com\/ete\/wp-json\/wp\/v2\/pages\/2006\/revisions\/24178"}],"up":[{"embeddable":true,"href":"https:\/\/www.guides-belleville.com\/ete\/wp-json\/wp\/v2\/pages\/2008"}],"wp:attachment":[{"href":"https:\/\/www.guides-belleville.com\/ete\/wp-json\/wp\/v2\/media?parent=2006"}],"curies":[{"name":"wp","href":"https:\/\/api.w.org\/{rel}","templated":true}]}}