{"id":5822,"date":"2022-06-23T16:09:44","date_gmt":"2022-06-23T16:09:44","guid":{"rendered":"https:\/\/www.guides-belleville.com\/ete\/?page_id=5822"},"modified":"2023-06-12T12:21:37","modified_gmt":"2023-06-12T12:21:37","slug":"reservation","status":"publish","type":"page","link":"https:\/\/www.guides-belleville.com\/ete\/reservation\/","title":{"rendered":"R\u00e9servation en ligne"},"content":{"rendered":"\n<p>Toutes nos sorties ne sont pas ouvertes \u00e0 la r\u00e9servation en ligne. Consultez notre <a href=\"https:\/\/www.guides-belleville.com\/ete\/programme\/\" data-type=\"page\" data-id=\"2869\">programme complet<\/a> et d\u00e9couvrez <a href=\"\/ete\/\">toutes nos activit\u00e9s<\/a>.<br>Hors saison ou pour toute demande particuli\u00e8re (engagement, groupe d\u00e9j\u00e0 constitu\u00e9, tarif pr\u00e9f\u00e9rentiel, &#8230;), n&rsquo;h\u00e9sitez pas \u00e0 <a href=\"https:\/\/www.guides-belleville.com\/ete\/contacts\/\" data-type=\"page\" data-id=\"7\">nous contacter<\/a>.<\/p>\n\n\n\n<div class=\"resa-yoplanning\"><iframe src=\"https:\/\/booking.yoplanning.pro\/dc2b6ea0-6643-4335-bb04-91be64201739\/\" frameBorder=\"0\" style=\"width:100%; height:1000px;\">aaaa<\/iframe><\/div>\n","protected":false},"excerpt":{"rendered":"<p>Toutes nos sorties ne sont pas ouvertes \u00e0 la r\u00e9servation en ligne. Consultez notre programme complet et d\u00e9couvrez toutes nos activit\u00e9s.Hors saison ou pour toute demande particuli\u00e8re (engagement, groupe d\u00e9j\u00e0 constitu\u00e9, tarif pr\u00e9f\u00e9rentiel, &#8230;), n&rsquo;h\u00e9sitez pas \u00e0 nous contacter. aaaa<\/p>\n","protected":false},"author":1,"featured_media":0,"parent":0,"menu_order":19,"comment_status":"closed","ping_status":"closed","template":"","meta":{"footnotes":""},"class_list":["post-5822","page","type-page","status-publish","hentry","entry"],"jetpack_sharing_enabled":true,"_links":{"self":[{"href":"https:\/\/www.guides-belleville.com\/ete\/wp-json\/wp\/v2\/pages\/5822","targetHints":{"allow":["GET"]}}],"collection":[{"href":"https:\/\/www.guides-belleville.com\/ete\/wp-json\/wp\/v2\/pages"}],"about":[{"href":"https:\/\/www.guides-belleville.com\/ete\/wp-json\/wp\/v2\/types\/page"}],"author":[{"embeddable":true,"href":"https:\/\/www.guides-belleville.com\/ete\/wp-json\/wp\/v2\/users\/1"}],"replies":[{"embeddable":true,"href":"https:\/\/www.guides-belleville.com\/ete\/wp-json\/wp\/v2\/comments?post=5822"}],"version-history":[{"count":22,"href":"https:\/\/www.guides-belleville.com\/ete\/wp-json\/wp\/v2\/pages\/5822\/revisions"}],"predecessor-version":[{"id":8100,"href":"https:\/\/www.guides-belleville.com\/ete\/wp-json\/wp\/v2\/pages\/5822\/revisions\/8100"}],"wp:attachment":[{"href":"https:\/\/www.guides-belleville.com\/ete\/wp-json\/wp\/v2\/media?parent=5822"}],"curies":[{"name":"wp","href":"https:\/\/api.w.org\/{rel}","templated":true}]}}